dreds digit of v?
4
Let p(b) = b**2 - 3*b - 6. Let l = -16 - -21. Let n be p(l). What is the units digit of 1/2*78 + n?
3
Suppose -16 = 10*r - 6*r, -2*p = -4*r - 20. Suppose -f + 430 = p*q, 3*f + 5*q - 1914 + 619 = 0. What is the hundreds digit of f?
4
Let d be (-28)/56*(-1 - 5). Suppose 0 = -4*l + 3*l + d*b + 1787, 5*l + 5*b = 8875. Suppose -2*x = 5*x - l. What is the units digit of x?
4
Let n be (-8)/(-56)*7*0. Suppose -20*i - 1247 + 5767 = n. What is the tens digit of i?
2
Suppose -4*z = -9*z + 5*b + 37125, -4*b = -5*z + 37124. What is the thousands digit of z?
7
Let i be (56 + -1 + 2)*30/(-18). Let o = i + 421. What is the tens digit of o?
2
Suppose 3*h = 7*g - 18543, 3*g + 16*h - 21*h - 7947 = 0. What is the thousands digit of g?
2
Suppose -4*u + p = -5073, -3*p - 5067 = -4*u - 0*p. What is the thousands digit of u?
1
Let m be -6*(25/(-10))/(-5). What is the tens digit of 7 - 7 - (-1634)/((-6)/m)?
1
Suppose 49508 - 106047 = -18*f + 66581. What is the units digit of f?
0
Let v be 39/26 + (-15)/2. Let k be v/8 + 15/4. Suppose k*i + 21 = 144. What is the tens digit of i?
4
Let u = 1805 - -8811. What is the units digit of u?
6
Let r be 6 + 1 + (13 - 16). Suppose 2*j - 466 = -2*i, -3*i - 239 = -r*i + j. What is the hundreds digit of i?
2
Suppose 0*b - 3*w - 102 = 4*b, 3*b - 2*w + 68 = 0. Let r = 72 - b. What is the units digit of -2 + -5 + 5 + r?
4
Let t(o) = 100*o**3 + 2*o**2 + 24*o - 4. What is the thousands digit of t(4)?
6
Let y(i) = 4 - 2*i**2 + 4 - 9*i**3 - 2 - 5 + 4*i. Let q(m) = m**3 + m**2 - m + 1. Let c(u) = -6*q(u) - y(u). What is the hundreds digit of c(4)?
1
Let n be -3 + -2 - (-8 + -1) - 0. Suppose 4*u - 277 - 247 = 2*t, n*t = 2*u - 250. What is the tens digit of u?
3
Let r(p) = -7*p + 141. Let a(o) = -2*o**3 - 59*o**2 - 29*o. Let j be a(-29). What is the tens digit of r(j)?
4
Let g(h) = 5*h**2 + 6*h + 25. Let f be (-8)/60*-3*-60. Let i = f - -17. What is the tens digit of g(i)?
2
Let j(h) = -63*h**2 - 4*h - 15. Let x be j(-2). Let l = 486 - x. What is the tens digit of l?
4
Let p(b) = -13*b - 12. Let j(m) = -12*m - 13. Let a(k) = -6*j(k) + 5*p(k). Suppose 0 = -x + 6 - 3. What is the tens digit of a(x)?
3
Let r be -1 + (2 + 46 - -3). Let h = -46 + r. Suppose 0 = h*k - 0*k - 280. What is the tens digit of k?
7
Suppose -2*w - 2*s = -78736, -6*s = -4*w - s + 157400. What is the hundreds digit of w?
3
Let p = 118 - 123. Let y be -5 + ((-1)/1 - p). Let m(o) = -268*o - 4. What is the tens digit of m(y)?
6
Suppose -60*w - 31274 = -64*w - 14*z, 0 = 4*w - 2*z - 31354. What is the thousands digit of w?
7
Let w(y) = y**3 - 8*y**2 - 6*y - 1. Let d be w(9). Suppose -20 = 21*q - d*q. Suppose 3*x = 4*m - 41 - 20, 2*m - 58 = -q*x. What is the units digit of m?
9
Suppose 0 = 4*l - 3*n - 16, 7*n + 20 = 5*l + 2*n. Suppose 3 = 3*q - 0*z - 3*z, -z = l. What is the units digit of 1/(q + (-561)/(-186))?
2
Let a = 1885 + 1841. What is the units digit of a?
6
Let j(r) = r**3 - 13*r**2 - 5*r + 17. Suppose 3*x + 66 = 5*k, 3*k = 6*k + x - 48. What is the hundreds digit of j(k)?
3
What is the thousands digit of -261 + 25246 + (-3)/((-6)/16)?
4
Suppose -10371 = -2*i - i + y, 3*y = 2*i - 6914. What is the hundreds digit of i?
4
Let f = -157 - -367. Suppose 4*w + f + 1990 = 0. What is the tens digit of 4*4/(-56) - w/14?
3
Let c(z) = 29*z - 3. Let i(y) = 9*y - 20. Let t be i(3). What is the tens digit of c(t)?
0
Suppose 3*c = 1233 + 62 + 157. Suppose -3*s - 1047 = 3*n, -4*n - 5*s = -0*s + 1399. Let h = c + n. What is the hundreds digit of h?
1
Let l = -2151 + 5469. Let j = l + -2032. What is the tens digit of j?
8
Suppose -77973 = -5*k + 3*m, -4*k + 81*m = 83*m - 62374. What is the units digit of k?
4
Let a(x) = -172*x - 2613. What is the tens digit of a(-50)?
8
Let n be (1936/(-99) + -2)/((-4)/18). Suppose 0 = 5*r - r - 52. Suppose r*t = 14*t - n. What is the tens digit of t?
9
Let f(h) be the second derivative of 109*h**4/12 + 2*h**3/3 - h**2/2 + 2*h - 4. What is the tens digit of f(2)?
4
Let o = 6 - -22. Let s be 4 + 7/(o/564). Suppose 3*v = -b + 463, 2*b = v - 0*b - s. What is the hundreds digit of v?
1
Let g be 6*((-2)/8)/((-30)/(-40)). Let o be -1 - (1 + (6/g - 210)). Suppose 4*a - 5*h - 217 - 160 = 0, 0 = -2*a - 5*h + o. What is the units digit of a?
8
Suppose q + 4*q + 60 = 0. Suppose 0 = 3*x + j - 27, -3*j - 142 = -3*x - 127. What is the tens digit of -13*(4/x)/(2/q)?
3
Suppose 80 = 13*o - 18*o. Let q(v) be the first derivative of v**4/4 + 17*v**3/3 + 9*v**2/2 - 3*v + 4. What is the tens digit of q(o)?
0
Suppose 0 = 4*b - 56 - 44. Suppose -b*n = -9*n - 14976. What is the hundreds digit of n?
9
What is the thousands digit of 41521971/2583 + 4/(-42) + 8/(-2)?
6
What is the hundreds digit of (-9320448)/(-1107) - (-12)/27?
4
Let a(t) = -t**3 - 6*t**2 - 15*t - 19. Let j(u) = -2*u + 23. Let d be j(17). What is the tens digit of a(d)?
5
Let c = -24868 + 51402. What is the ten thousands digit of c?
2
Let l = 85 + 93. Let z = l - 140. What is the units digit of z?
8
Let t be 7*(6/(-4) - (-81)/126). Let m(p) = p**3 + 12*p**2 + 4*p + 2. What is the hundreds digit of m(t)?
1
Let m(d) = 29*d + 18 - 26 - 34 - 12 - d**2. Let a be m(27). Suppose a*l = 11*l - 1991. What is the tens digit of l?
8
Let n be ((-25)/(-3))/((8/(-30))/(-4)). Suppose 281 = 7*y - n. What is the units digit of y?
8
Let o(m) = 835*m**2 - 2*m + 2. Let t be o(1). Let j = t + -344. What is the units digit of j?
1
Let c(z) = z**2 + 68*z + 7. Let o be c(17). Suppose 4*p = 3*s + 3245, 4*p = 5*s + o + 1791. What is the units digit of p?
2
Let o(q) = -16*q - 7*q**2 + 11*q**2 + 0*q - 13. What is the tens digit of o(-4)?
1
Let a = 133547 + -72256. What is the units digit of a?
1
Let w = -707 + 657. What is the tens digit of (0 - -151) + w/(-10)?
5
Suppose 3*r = -2*n - 637, -7*n + 5*n = 4*r + 642. Let x = -169 - n. Suppose -222 = -4*m + x. What is the tens digit of m?
9
Let i be (-3)/(-2) - 232/16. What is the units digit of 26876/52 + i/(338/(-4))?
7
Let b(i) = i**3 + 5*i**2 - 9*i - 14. Let z(s) = 3*s**2 + 3*s - 2. Let k be z(1). Suppose -4*f = -k*t - 32, 5*t - t + 26 = f. What is the units digit of b(t)?
4
Let c(g) = 4*g**3 + 2*g**2 + 14*g - 27. Let p(l) = -5*l**3 - 2*l**2 - 15*l + 26. Let s(q) = -6*c(q) - 5*p(q). What is the hundreds digit of s(8)?
3
Suppose 4*z + 17 - 205 = 0. Suppose 17*x - 21 = z. Suppose -12*k + 208 = -x*k. What is the units digit of k?
6
Let z be (-2)/(16/40 - (-19292)/(-48205)). Suppose 25*y - z = 2459. What is the hundreds digit of y?
4
Suppose 5*y - 843 = f, 0 = -y + 3*f + 86 + 91. Suppose u - 180 = -3*d + 94, -2*d + 3*u = -y. What is the units digit of d?
0
Let q = 19 - 17. Suppose -p - p + 286 = -q*f, -3*p = -2*f - 429. Let d = -73 + p. What is the units digit of d?
0
Let g = 77842 + -50254. What is the thousands digit of g?
7
Let y be 30/5 + -12 + 2 + -4. Let a(d) = -112*d - 375. What is the tens digit of a(y)?
2
Let r be (18/27)/(1/426). Suppose 3*q - 1399 = r. What is the tens digit of q?
6
What is the units digit of (0 + -2 - -12089) + -6*25/(-30)?
2
Suppose 5*h - 2*k - 20 = 0, h + 3*h - 4*k - 28 = 0. Let x be (-6 - 114/(-18))/(h/(-6)). What is the tens digit of x/(3 - 1) + 999/18?
5
Let u = 69 - 71. Let g(d) = 10*d**2 - 2*d + 1. Let w be g(u). Let z = 55 - w. What is the units digit of z?
0
Let b = 10023 + -5893. What is the tens digit of b?
3
Suppose -3*d + 14 + 16 = 0. Let w = -78 + d. Let o = w + 123. What is the tens digit of o?
5
Suppose 3*z + z = 192. Let w = z - 55. What is the units digit of (21/6)/w*-50?
5
Suppose -633144 = -172*l - 26*l + 131532. What is the hundreds digit of l?
8
Let f(d) = 23*d - 16. Let q(t) = t**2 + 17*t - 33. Let w be q(-19). What is the units digit of f(w)?
9
Suppose -185 = 1162*w - 1199*w. Suppose 6 = 3*p - 3. Suppose 1001 = 4*v - w*z, p*z = v + z - 251. What is the units digit of v?
9
Let i(a) = -13*a - 50. Let y = -112 - -105. Let j be i(y). Suppose 0 = -4*l - 3*w + 193, -4*w = 2*l - j - 63. What is the tens digit of l?
4
Let h = 86 - 145. Let f = -55 - h. Suppose 4*q = -5*y + 594, f*y - q = -y + 589. What is the hundreds digit of y?
1
Let w = 286 + -134. Suppose 87 + w = z + 5*i, -5*z + 1218 = 2*i. What is the tens digit of z?
4
Suppose -4*p + 4*s = -p, 3 = s. Suppose -12 = -p*v - r, -5*v + 2*r + 2*r + 15 = 0. Suppose -v*k + 280 = 2